z, 0 = -3*q - q - 5*z + 649. Suppose -2*y = -n - q, y - 78 = -0*y - n. What is the greatest common divisor of y and 12?
6
Let t = 317 - 243. Suppose 0 = -78*n + t*n + 88. Calculate the highest common factor of 88 and n.
22
Suppose 35040*u - 35077*u = -2072. What is the highest common divisor of 19012 and u?
28
Let r = -46 + 44. Let n be 3 - (r - -2 - 2). Suppose 11 + 21 = v - 4*c, -n*v + 3*c = -109. Calculate the highest common divisor of 100 and v.
20
Let g(o) = 6 - 32*o + 14*o**2 + 8 + o**3 + 1. Let k be g(-16). What is the highest common factor of 5 and k?
5
Let t = -507 - -727. Calculate the highest common factor of t and 300.
20
Let r = -11021 + 16471. Calculate the greatest common factor of 100 and r.
50
Let k be (7 + -2)*(-25)/(-25). Suppose k*z - 96 + 17 = -3*s, 2*s - 4*z - 16 = 0. What is the highest common factor of s and 9?
9
Let z = -13099 + 13147. Calculate the highest common divisor of z and 4044.
12
Let i be (-762 + 726)*(13346/(-36) + 2/9). Calculate the greatest common factor of i and 234.
234
Suppose 4*h - 2*k - 530 = 0, 47 - 309 = -2*h + 2*k. What is the greatest common divisor of h and 4?
2
Let r be (-10)/15 - (-50)/(-15) - -12. Suppose 171 - 555 = -3*b. What is the greatest common factor of r and b?
8
Let v(y) = 19*y - 119. Let g be v(-7). Let k = g - -255. Calculate the highest common divisor of 69 and k.
3
Let k(j) = 4*j + 14. Let a be k(-4). Let z be 31*a - (-1 + (-1 - 0)). Let x = 71 + z. What is the greatest common factor of x and 1?
1
Let u(p) = 7*p - 64. Let q be u(17). Suppose 5*b - 5 = 50. What is the greatest common factor of q and b?
11
Let i be -18*(-7 + 24/18). Calculate the highest common divisor of 238 and i.
34
Let c be (82 - 1) + 8/(-36) + 86/(-18). What is the highest common divisor of c and 15276?
76
Suppose 0 = -273*h - 40*h + 12520. Let q(b) = -2*b**2. Let p be q(1). Let d be (-798)/(-8) - p/8. Calculate the highest common factor of d and h.
20
Suppose 5*h = -2*y + 14, -3*y - y + 4*h = 0. Suppose l - o - 20 = -y*o, 3*l - o - 40 = 0. What is the highest common divisor of l and 20?
5
Let a(t) = -233*t - 14616. Let u be a(-63). What is the greatest common factor of u and 14910?
21
Suppose 390*i - 609 = 206*i - 425*i. Let a be 0 + -1 + (0 - -10). Calculate the greatest common divisor of i and a.
1
Suppose -270 = -5*q + 5. Let h(x) = 2*x**3 - 720*x**2 + 6321*x - 5. Let g be h(9). What is the greatest common divisor of q and g?
11
Suppose 2*a = 2*g - 1274, 19*g - 17*g - 4*a - 1274 = 0. Let l = 24 - 11. Calculate the highest common divisor of g and l.
13
Let c = -6291 - -6335. Calculate the highest common divisor of c and 8877.
11
Let t(s) = 171*s - 5575. Let a be t(38). Calculate the greatest common factor of a and 284.
71
Let c = -73 + 80. Suppose 8 = c*d - 9*d. Let l = 23 - d. What is the highest common divisor of 9 and l?
9
Suppose 4*n - s = -5*s + 48, -5*s - 76 = -3*n. Let u(t) = 5*t - 57. Let x be u(n). Calculate the greatest common factor of 56 and x.
28
Suppose -j + 21 = 4*o - 331, 4*j = 0. Let w(g) = 3*g + 102. Let a be w(13). Suppose -6*l + a = 93. What is the greatest common divisor of o and l?
8
Let l(m) = 11*m**2 + 4*m + 6. Let p be l(-3). Suppose 0 = s - 2*o + 15, 2*s = 7*s - 4*o + p. Let t = 28 + s. What is the greatest common factor of 63 and t?
7
Suppose -23 = g - 4*x, 6*g - x + 39 = g. Let v(u) = u**3 + 9*u**2 + 14*u + 26. Let l be v(g). Calculate the greatest common factor of l and 286.
26
Let i(w) = 34*w**2 - 11. Let o be i(3). Let p be -2*(-5)/45 - o/(-9). Calculate the greatest common divisor of p and 22.
11
Let f(x) = x**3 + 6*x**2 + 5*x + 9. Suppose -3*g = -0 + 18. Let w be f(g). Let t be 99 - (-7)/(w/(-15)). Calculate the greatest common factor of 8 and t.
8
Let f = 1537 + -2399. Let g = f + 898. What is the greatest common factor of g and 240?
12
Suppose -3*d = 2*d - 20. Suppose -z - 2*l = 2*l + 12, -20 = -5*z - 4*l. Calculate the greatest common factor of z and d.
4
Let w = 77 - 77. Let s be 0 - w - 704/(-22). Calculate the greatest common factor of s and 80.
16
Let b(d) = -d**2 - 9*d + 8. Suppose -4*o - 13 - 15 = 0. Let w be b(o). Let h be (-1932)/(-8) + (-3)/(-48)*8. Calculate the greatest common factor of w and h.
22
Let b be (-3)/2*-2 + (5 - 5). Suppose 0 = 2*u - u - 1, b*u + 141 = 4*z. Calculate the highest common divisor of 96 and z.
12
Let w be 6/(6/3) + 35. Let k(c) = -315*c + 632. Let j be k(2). What is the highest common factor of j and w?
2
Suppose -4*d = -r + 516 - 424, -2*r - 5*d + 93 = 0. What is the greatest common divisor of 136 and r?
8
Let r be 8/(-28) - 1180/(-14). Let b be 40/325*1255 + 24/(-52). Calculate the highest common divisor of b and r.
14
Let f be ((-3 - -11) + 15124/57)*66/4. What is the greatest common factor of f and 50?
10
Let q be 0 - ((-1 - 83) + 2/(-2)). Suppose 31 = t + y, 0 = -4*t + t - 5*y + q. What is the highest common divisor of t and 28?
7
Let r(b) = 57*b**3 + 11*b**2 - 20*b - 117. Let m be r(5). Calculate the greatest common factor of 66 and m.
11
Let u(v) = -3*v + 1. Suppose 4*t = -7 - 25. Let p be (9 + t)/(2/(-10)). Let x be u(p). Calculate the greatest common divisor of 32 and x.
16
Let n(a) be the first derivative of -23*a**4/2 - 5*a**3/3 - 3*a**2 + a + 70. Let f be n(-2). Calculate the greatest common factor of f and 19.
19
Let b(t) = -2*t**3 + 89*t**2 + 44*t + 65. Let l be b(45). Calculate the highest common factor of l and 88.
4
Let t(g) = -328*g - 30. Let d be t(-3). Suppose 6*m - 7*m + 2*r = -234, -d = -4*m + 2*r. What is the highest common factor of 30 and m?
30
Let b be (-9)/(-9)*(364 - 1). Suppose 4*i + 78 = 2*o, -2*o + 5*i - 46 = -127. Calculate the highest common divisor of b and o.
33
Suppose -207 - 1718 = -7*m. Suppose 0 = -q - q + 4. Let g be 1/q + m/22. What is the highest common divisor of 26 and g?
13
Let m be (2 - 34/10)*365/292*-3048. Calculate the greatest common factor of m and 105.
21
Let c be (13 + (-135)/10)*-8322. Calculate the highest common factor of c and 57.
57
Let n(q) = -2*q. Let h be n(2). Let m = -1 - h. Suppose 5*t = -25, -t - 39 = -m*o + 2*t. What is the highest common factor of o and 88?
8
Let b = 29128 - 29114. Calculate the highest common divisor of b and 8057.
7
Let u be (7/189)/(8/(-48)) + (-3522)/(-54). What is the greatest common divisor of 6656 and u?
13
Suppose 0 = -6*u + 154 + 44. Let a be (5 - u/6)*-52. What is the greatest common divisor of 286 and a?
26
Suppose -3*d = -4*q, 11*d = 7*d - 5*q + 31. Suppose -b + 0*b = p - 22, -d*p - 5*b + 85 = 0. What is the highest common divisor of 1 and p?
1
Suppose 104 + 124 + 168 = 44*d. Calculate the highest common factor of 30 and d.
3
Let j be ((-42)/105)/(((-2)/(-10))/(-1)). Suppose 3*o - 1120 = -j*o. Suppose -o = -l - 54. Calculate the highest common factor of 17 and l.
17
Suppose -7*y + 11*y = 28. Suppose 6*a - y*a = -557. Suppose 0 = -2*g + 5*g + 5*x - 542, 3*g = -2*x + a. What is the highest common divisor of g and 27?
27
Suppose -9*q + 8*q + 3*f = -52, 0 = 3*q - 4*f - 176. Let k be 2465/8 + (12 - 776/q). Calculate the greatest common factor of 231 and k.
77
Let s(h) = -h**2 - 6*h + 8. Let f be s(-15). Let o = -37 - f. What is the highest common factor of 180 and o?
90
Suppose 12143 = 120*m - 9937. What is the highest common factor of 11684 and m?
92
Suppose 2*v - 4*h - 5159 = -1695, -v + 1736 = -h. What is the highest common divisor of v and 203?
29
Let n be 93 + ((-134)/17 - (-52)/(-442)). What is the greatest common divisor of n and 1207?
17
Let y(a) = 3*a**2 - 6*a + 6. Suppose -o - 2*m + 4 = -5*m, 2*o = -2*m. Let v be y(o). What is the greatest common divisor of 171 and v?
3
Let c = -65 + 98. Suppose -10*k + c = -177. Calculate the greatest common divisor of k and 651.
21
Let d be (-1 - ((-10)/(-8))/(110/(-44)))*-36. Let g be 126*-3*(-12)/14. Calculate the highest common factor of g and d.
18
Let z(x) = 11*x**2 - 59*x + 14. Let g be z(8). Let m = -230 + g. Calculate the highest common divisor of m and 16.
16
Let c = 38183 - 38133. What is the greatest common factor of 1810 and c?
10
Let c = -187423 - -120578. Let o be c/(-203) - (2/7 - 0). What is the highest common factor of 47 and o?
47
Let v be (-100)/15*(48/112)/((-6)/21). Calculate the greatest common divisor of v and 215.
5
Let u = -1011 + 1016. Let g(p) = 4*p + 7. Let j be g(5). S